f x?
2, 3, 41
Let j be (-7 - -12) + (1 - 1). Suppose 4*w = j*k + 21, 4*k + 3*w + 7 = 15. List the prime factors of (-96)/(-5) + k/5.
19
Let p be (2 - -1)/(12/8). Let f(c) = -5*c + 5 + p*c - 16 + 0*c. List the prime factors of f(-5).
2
Let s = -37 + 615. List the prime factors of s.
2, 17
Let j be ((-56)/(-24))/(2/6) + 2. Let u(l) be the second derivative of -l**5/20 + 3*l**4/4 + l**3 + 6*l**2 + l. What are the prime factors of u(j)?
2, 3, 11
Let p(y) = 4*y**3 - 2*y**2 + 3*y + 4. Let s be p(3). Suppose 2*i - 3*b = 6*i - s, 3*i - 87 = b. Let r = i - 7. List the prime factors of r.
3, 7
Let y be (0 - (-2)/(-4))*18. List the prime factors of (3/4)/(y/(-108)).
3
Suppose -5*m = -644 + 204. Let y = 35 + m. List the prime factors of y.
3, 41
Suppose -3 - 13 = -3*o - 5*i, -o - 4*i = -3. Suppose 0 = -o*r + 164 + 305. List the prime factors of r.
67
Let v = -15 + 12. Let u be 19 + (3 - (-9)/v). Suppose 3*q = 4*j - u - 16, 2*q = -2. List the prime factors of j.
2
Let k = -10 - -16. Let c(h) = h + 7. Let v be c(-4). What are the prime factors of (v - 2)*(19 + k)?
5
Suppose -121*r + 106*r = -4845. List the prime factors of r.
17, 19
Let l = 24 + -35. Let v be (-288)/(-15) - (-2)/(-10). Let n = l + v. What are the prime factors of n?
2
Let b be (-4)/(-14) + 0 - (-720)/126. Suppose 0*r + b*r - 2046 = 0. What are the prime factors of r?
11, 31
Suppose 0 = -3*w - 4*p - 0*p + 3423, 0 = -3*w + 2*p + 3441. Suppose -454 = -2*l - 4*f, 4*l + 5*f = -l + w. What are the prime factors of l?
3, 7, 11
Let d be (-1)/(-1 - (-568)/572). Let l = d - 78. Suppose 6*w - l = w. What are the prime factors of w?
13
Let y(w) = 4*w + 20. Let r be y(-8). Let o = -9 - r. Suppose -o*j - 5*k + 3*k + 112 = 0, 0 = 2*k + 8. List the prime factors of j.
2, 5
Let w(q) = -10*q**2 + 4*q + 17. Let t be w(6). Let m = t + 582. What are the prime factors of m?
263
Suppose 2*t = i + 469, t = -4*t - 5*i + 1180. List the prime factors of t.
5, 47
Let u(n) = 2*n**2 + 14*n - 58. List the prime factors of u(-39).
2, 23, 53
Let m be 1686/(-6)*2 + -1. Let b = -368 - m. What are the prime factors of b?
3, 5, 13
Let y(z) = 113*z - 38. List the prime factors of y(4).
2, 3, 23
Let w(s) = -5*s + 9. Let x be w(3). Let m(o) = -o**3 - 6*o - 17. List the prime factors of m(x).
5, 47
Let q(b) = 112*b + 630. What are the prime factors of q(0)?
2, 3, 5, 7
Suppose o - 2190 = -85*v + 83*v, 6614 = 3*o - 5*v. What are the prime factors of o?
2, 7, 157
Let s be (3 - (4 + -3)) + 13 - 0. What are the prime factors of (-1 + s/12)*(-628)/(-1)?
157
Let t(b) be the second derivative of b**3/3 + 65*b**2/2 + 5*b. List the prime factors of t(0).
5, 13
Suppose -3 = 5*l - 8*l. Let s(q) = 6*q - 6*q - 10*q + l. List the prime factors of s(-1).
11
Suppose -p = -9*p - 24. List the prime factors of (208/(-6) + 1)/(p/9).
101
Suppose 2*y + 5*o - 3173 = 0, 4*y + 2879 = -3*o + 9232. What are the prime factors of y?
7, 227
What are the prime factors of (-1437)/(-4) + -6 + 76/16?
2, 179
Let w be 16*(0 - (-5)/10). Suppose w*f = 13*f - 190. List the prime factors of f.
2, 19
Suppose -2*g + 0*g = 0. Suppose -a + 18 = -z - g, -a = 2. List the prime factors of z/(-2 + (1 - 0)).
2, 5
Suppose -t + 6 = u - 0, -t + 2 = 0. Suppose 127 = 5*w - 2*j - 421, 420 = u*w + 3*j. Suppose 4*c - w = -0*c. List the prime factors of c.
3
Suppose -2975 = -1695*v + 1694*v. What are the prime factors of v?
5, 7, 17
Let d(g) = 17*g - 522. List the prime factors of d(56).
2, 5, 43
Suppose 0*d + 168 = 3*d. Let u(s) = -s**3 - 6*s**2 + 9*s + 17. Let p be u(-7). Suppose 4*x = 2*z + 2*z - 28, -4*z - p*x = -d. List the prime factors of z.
11
Let z = -7 + 12. Suppose -p + 5*b + 48 = -0*p, 192 = z*p - b. Let l = -27 + p. List the prime factors of l.
11
Let u(y) = -2*y**3 - 40*y**2 - 50*y + 25. What are the prime factors of u(-21)?
19, 103
Let v = 358 - 209. What are the prime factors of v?
149
Suppose 2*m - 3067 = -263. What are the prime factors of m?
2, 701
Let t = -42 + 42. Suppose 290 = 2*d + g + g, -3*g + 9 = t. List the prime factors of d.
2, 71
Let x = 27 - 26. Suppose 2*v - 7 = x. Suppose 5*h + 3*d = 88, v*h + 4*d - 57 - 15 = 0. What are the prime factors of h?
17
Suppose -4*k = 4*k - 1280. Suppose 0 = 3*i - k - 104. List the prime factors of i.
2, 11
Let w(u) = 41*u + 134. List the prime factors of w(8).
2, 3, 7, 11
Let y be -7*(1 + 4/2). Let r be (0 - -2)*y/6. Let h(w) = w**3 + 7*w**2 - w - 4. List the prime factors of h(r).
3
Suppose -6356 = -2688*p + 2681*p. What are the prime factors of p?
2, 227
Suppose n = -17 + 25. Suppose h = -3*h + n. List the prime factors of h.
2
Let s = 6 - 4. Let k(c) = -c**2 - 4*c + 3*c + 6 + 3*c + 2*c**s. List the prime factors of k(3).
3, 7
Let s(d) = d**3 - d**2 - d + 1. Let j be s(1). Suppose j = -2*c - 15 - 17. Let k = c + 45. What are the prime factors of k?
29
Let u = 28 + 12. Let l be (-32)/u*5/(-1). Suppose -168 = -5*p + v - 0*v, l*v + 128 = 4*p. List the prime factors of p.
2, 17
Let p(a) = -a**3 + 8*a**2 + 8. Let c be (-9 - -4)*3/5. Let i be (-26)/(-4) + c/(-2). List the prime factors of p(i).
2
Let j(g) be the first derivative of -g**4/4 + 13*g**3/3 + 10*g**2 - 12*g + 10. What are the prime factors of j(14)?
2, 3
Suppose 6*l = 2*l. Let d(k) = k**2 + 13*k + 44. Let r be d(-10). Suppose l*v + r = 2*v. What are the prime factors of v?
7
Suppose -10*z - 1890 = -12*z. List the prime factors of z.
3, 5, 7
Let t = 31 + 138. List the prime factors of t.
13
Let q(w) = -5*w**2 - 4*w + 2. Let c(a) = -a**2 - a + 1. Let o(p) = 3*c(p) - q(p). List the prime factors of o(4).
37
What are the prime factors of ((-86)/(-4) - 2)*(-2144)/(-48)?
13, 67
Let z(x) be the first derivative of -6*x**2 - 30*x - 8. What are the prime factors of z(-10)?
2, 3, 5
Suppose -13*t + 1296 + 7297 = 0. What are the prime factors of t?
661
Suppose 0 = -17*w + 18*w - 670. List the prime factors of w.
2, 5, 67
Suppose 3*p = 6*p + 4*h - 2447, 0 = h + 1. List the prime factors of p.
19, 43
Let n(q) = -2*q**3 + 9*q**2 - 3*q - 45. Let w(m) = m**3 - 4*m**2 + m + 23. Let t(a) = 6*n(a) + 11*w(a). List the prime factors of t(7).
3
Suppose -637*y + 627*y = -27470. What are the prime factors of y?
41, 67
Suppose 2*t - 54*a = -50*a + 2014, 4031 = 4*t - 5*a. List the prime factors of t.
1009
Let l = -23 - -26. Let y(w) = 12 - 4*w**2 + 7*w**3 + 3*w - 15*w**l + 7*w**3. List the prime factors of y(-6).
2, 3, 11
Let b(d) = 14*d**2 + 18*d + 16. Let n(u) = -5*u**2 - 6*u - 5. Let h(v) = -6*b(v) - 17*n(v). Let l be h(8). Suppose 20 = l*g + 5. List the prime factors of g.
3
Let g(v) = -4*v + 22*v + v + 13*v + 15. List the prime factors of g(3).
3, 37
Suppose -7*o + 2633 = l - 10*o, -7917 = -3*l + 3*o. List the prime factors of l.
2, 1321
Suppose 0 = z - 1 + 2. Let p = z - -5. Suppose p - 10 = -u. What are the prime factors of u?
2, 3
Let i be (14/(-6))/((-2)/234). Let c = i - 146. What are the prime factors of c?
127
Suppose 1504 = 8*v + 208. What are the prime factors of v?
2, 3
Let y(z) = -z**3 + 37*z**2 - 14*z + 121. What are the prime factors of y(35)?
2081
Let r be (3/(-3))/(1/(-5)). Suppose -a + 2*a - 31 = 3*u, 0 = 4*a - u - 179. Let c = a + r. List the prime factors of c.
3, 17
Suppose -7*r + 421 = -195. List the prime factors of r.
2, 11
Suppose 5*l + 274 = 39. Let d = 82 + l. What are the prime factors of d?
5, 7
List the prime factors of ((-72784)/336 - (-4)/14)*-3.
11, 59
Suppose 248 = 2*v + 2*s - 462, -4*v + 5*s + 1411 = 0. What are the prime factors of v?
2, 3, 59
Suppose 0 = 9*z - 0*z - 4185. What are the prime factors of z?
3, 5, 31
Let z be -4 + 0 + 1 + (-194)/2. Let a = -139 + 79. Let y = a - z. List the prime factors of y.
2, 5
Let k(m) = 14*m - 57. List the prime factors of k(30).
3, 11
Suppose -m + 3 = -0*m. Let h = -8 + m. List the prime factors of (-130)/(-4)*(-4)/h.
2, 13
Let b(f) = f**3 - f**2 - 2*f - 1. Let v be b(-1). Let c be 2*625*v/(-2). What are the prime factors of ((-4)/10)/((-5)/c)?
2, 5
Let s = 75 - -5. List the prime factors of s.
2, 5
Let b be (-19 + 17)/(1/(-2)). Suppose 0 = -5*l + 5, 2*l = -b*q + 3*l + 15. Suppose 0 = -q*x + x + 42. What are the prime factors of x?
2, 7
Suppose 0 = -5*n + 10 - 5. What are the prime factors of 32/(-8) + (n - -41)?
2, 19
What are the prime factors of 11796/84 + 6/(-14)?
2, 5, 7
Let a = 451 + 322. List the prime factors